-82).
59
Evaluate -13 + 5 - (42 - (16 + (3 + -7 - 2))).
-40
Evaluate ((-5 - 7) + 8 - 6) + (-3 - 2) + 7.
-8
-245 + -119 + 253 + 76
-35
Calculate -38 - (30 + (-172 - -55)).
49
What is the value of (-6 - (-2 - 3)) + -28 + (16 - 0) - 20?
-33
-1 - (-72 + 51) - 25
-5
What is the value of 22 - ((8 + 0 - 6) + (3 - -10 - 6))?
13
Calculate -137 - (-3 + (4 - (11 + -4))) - (-22 - -8).
-117
What is (-8 - 0) + -5 - -27?
14
Evaluate 273 + -221 + (6 - 6).
52
What is the value of 80 + (-84 - (64 - 50))?
-18
What is -2 - -39 - (-73 - (-60 - -13))?
63
3 + 1 + 68 + -62 + -30 + (-6 - -17)
-9
7 + (5 - 8) + (-33 - -37) + (-129 - 1)
-122
What is the value of -1 + -3 + (-58 + 8 - -46)?
-8
What is -28 + (99 - 24) + -16?
31
17 + (1 - -6) + -12 + (-20 - (11 - 33))
14
Evaluate -43 - (-55 - -90 - 83).
5
Evaluate (-35 - 27) + 12 + -3 + (10 - 7).
-50
Calculate 44 - (-96 + 56 - -156).
-72
Evaluate (3 - 8) + (-383 - -348) + 139.
99
Calculate -9 + 5 - -3 - ((-67 - 58) + 19).
105
What is the value of 15 - 14 - (32 + (-7 - (-19 + 9)) + 2)?
-36
What is (13 + -4 - (-62 - (-8 + 4 - 5))) + 9?
71
Evaluate -11 + (10 - (44 - 4)).
-41
Evaluate 35 + -8 + 4 - 61.
-30
Evaluate (10 - (-10 + 32)) + 10 + 35 + -16.
17
-11 + -5 + 21 + (0 - 31)
-26
Calculate 1016 + -1161 - (1 - (-7 + 18)).
-135
What is -133 + 43 + -7 + 157?
60
Calculate -13 + (-14 + (32 - 2) - 0).
3
What is (99 - 98) + (23 - -16)?
40
Calculate -41 + -52 + 19 + -8 + 10.
-72
Calculate 89 + (698 - 706) + (11 + -14 - (1 - 2)).
79
What is the value of 52 + (-5 - (0 + 6)) + 15 + -18?
38
What is the value of -5 + (-1 - (10 + (-8 - 4) + -2) - 10)?
-12
-93 - (4 - (-75 - -170))
-2
What is 128 + -108 - (-9 + (-3 - (4 + (-8 - 3))))?
25
1 - -164 - (211 - 21)
-25
57 - -13 - ((22 - 20) + 15)
53
Calculate -44 + (6 - -1) + (9 - (-21 - -39)).
-46
What is the value of -6 + ((-3 - 1) + 4 - 3) - (-168 - -156)?
3
What is 1 - -26 - (62 + -47) - 91?
-79
What is -19 + 2 - (-6 - -5) - (31 - (27 + 11))?
-9
-1 - 36 - (190 - (91 - -128))
-8
2 + (0 - 28 - (509 + -489))
-46
15 + (-2 - (-9 + (1 - -2) - (-3 - 3)))
13
Evaluate (-1 - 23) + (-38 - -121) + -90.
-31
Calculate -3 - 9 - (6 - (50 + -39)).
-7
What is -29 - ((-10 - (-40 - -17)) + 30)?
-72
-11 + 41 + (-5 - -4) + (58 - 63)
24
What is the value of -25 + 24 + (294 + -357 - (-6 + 0 + 0))?
-58
What is the value of -104 - ((-13 - -9) + (3 - (4 - 1)) - 7)?
-93
Evaluate (5 - 10) + -178 + 195.
12
-3 + (-8 + 15 - 0) - (4 + 1)
-1
-1 + -61 + (3 - ((0 - 10) + 6)) + -5
-60
What is the value of 3 - (-5 + 14) - (6 + -45 + (-2 - 1))?
36
What is the value of -99 + 0 + (29 - (21 - 22))?
-69
Evaluate -23 + (-10 - 26) - (11 - 39).
-31
(2 + -77 - -39) + 4 + 42
10
Calculate (-5 - -21 - 8) + 2.
10
-8 + 22 + 0 + (215 - 241)
-12
Calculate (-17 - (20 - 50) - -122) + -14 + -11.
110
Calculate (-6 + -69 - -20) + 6 + -9.
-58
What is (-28 - -46) + -22 - (-41 - 5 - 1)?
43
What is (-27 - -31 - (19 + -17 - (2 - 6))) + -80?
-82
What is the value of 105 + -103 + 55 + -62?
-5
Evaluate (-30 - -15) + -9 - (8 + -7).
-25
What is (-41 - ((-8 - 9) + 18) - -14) + -6?
-34
71 + 5 + -5 + -1 + 6 + -20 + 4
60
What is (2 - -27) + -164 + 126?
-9
Evaluate -51 + 31 + -31 + 45.
-6
Calculate 1 - (6 + -6) - (20 + (11 - -6)).
-36
What is 25 + -64 + (-19 - 21 - -18)?
-61
Calculate (-67 + 77 - (-2 - (2 + -5))) + -5.
4
What is 1 + -52 - (-54 - (-73 - -6) - (14 - 0))?
-50
43 + -82 - (-58 - 0)
19
What is (-3 - (3 + 18)) + -6 + 1?
-29
What is the value of -35 + 52 + -57 + -8?
-48
What is the value of 11 + 35 - (206 + -202)?
42
Calculate 53 + 50 + (71 - 122).
52
Evaluate -53 - (23 + -30 - (0 + -7) - (-2 - 3)).
-58
(-51 + 13 - -35) + -59
-62
What is the value of 82 + (22 + 6 + 2 - 18)?
94
Evaluate (-19 - (-81 - -140)) + 131.
53
What is the value of -38 - ((106 - 125) + -58)?
39
Evaluate (6 - (6 - 3)) + 7 - (-172 + 222).
-40
-136 + 10 + -273 + 354
-45
Evaluate -1 + -11 - (-7 + (-5 - 25 - 37)).
62
Evaluate 7 - (-12 + -1 + (24 - 4 - 6)).
6
What is the value of -46 - -7 - (-4 + 17 + 4)?
-56
What is -18 + 32 + -19 + 83 + -21 + 10?
67
Evaluate 33 - (17 + (1 - (7 - -11))).
33
(-1 - -26 - (10 - 8)) + -9196 + 9193
20
Calculate (-56 - (-16 + -20)) + 3 - (9 - 1).
-25
What is the value of -16 + (9 + -14 - -15) + 0 + -1?
-7
What is the value of -118 + -8 - (-431 - -321)?
-16
What is (83 - 23) + -5 + -2 + (-79 - -87)?
61
-18 - (14 + -27 + 4 + 8)
-17
Calculate -53 + 59 + (-70 - -21).
-43
(-18 - -17) + (-67 - -117)
49
Evaluate -22 - (1 + -3) - (-13 + (-33 + 16 - -24)).
-14
-10 - (-62 - (-93 - -38))
-3
737 + -732 - (-7 + 2 + 3 + -14)
21
Evaluate 1 - (-20 - (-57 - -60)).
24
4 - -44 - (390 - 405)
63
Evaluate (27 - (3 + -10 + 23)) + -9 + -8.
-6
What is the value of 1 + 9 + 0 + -186 + 164?
-12
Evaluate 913 + -896 - (-65 - 4 - -2).
84
292 - 243 - (4 + -4 + 8)
41
(24 - 4) + (11 - (18 + 19 + 6))
-12
What is 12 + 2 + -15 - (-95 - -41)?
53
What is 55 - ((-41 - -116) + -10)?
-10
Calculate 12 + 88 - (41 + (4 - 43)).
98
Calculate -6 + (0 - 20) + 22 + -25 + 14.
-15
Calculate 3 - (1 + -1 + 29 + -914 + 917).
-29
Evaluate (0 - -1 - 136) + -1141 + 1161 - -19.
-96
Calculate -5 + 11 + (-10 - -7) + 12 - -2.
17
What is 20 + -3 + 2 + (8 - (39 + -29)) + -3?
14
What is (-55 - 2 - (97 - 111)) + 10 - 10?
-43
Calculate -45 + (-36 + -2 - (59 - 87)).
-55
-62 - (54 - 36 - -4)
-84
What is -8 + (0 - -28) + -9 + -9 - (-2 - 4)?
8
-14 + (1 - -11) + 4
2
Calculate -32 + (80 - (35 + (33 - 89))).
69
Evaluate (41 - -136) + -96 - -10.
91
Evaluate (3 + 12 - 1) + (-240 - -147) + 99.
20
What is the value of 39 - 62 - (4 + 4 + 4)?
-35
Evaluate (-33 - 1) + (13 + -8 - (8 + -13)) - 10.
-34
What is the value of 110 + -102 - ((-16 - 3) + 6)?
21
Calculate (45 + -55 - 50) + 20.
-40
What is the value of 67 + -12 + (-14 + 47 - 52)?
36
What is the value of 4 + -8 + -3 + (-79 - (-9 + 7)) - 12?
-96
What is the value of -46 - ((-2 - 7) + -4 + 1 - (-47 - -26))?
-55
What is the value of 30 - 9 - (-48 - -32) - -30?
67
Calculate 75 + 19 + 24 + -98.
20
What is the value of 9 + (-158 + 65 + 65 - (9 - (0 + -2)))?
-30
(117 - -1) + 31 + -54 + -44
51
Evaluate (0 + -5 + 17 - 2) + (123 - (33 + 21)).
79
What is the value of 0 + 57 + (-6 - 8)?
43
What is the value of (77 - (-49 + 102)) + -1?
23
-78089 + 78010 + -1 + 1 + 13
-66
Calculate (17 - 14 - -13) + (50 - 35).
31
What is -201 + 9 + 131 - (-1 - 16)?
-44
What is (4 + -2 - 16 - -17) + -65 + 19?
-43
Evaluate 2958 - 3012 - (-2 + -92).
40
What is -20 + (-54 - 1 - -76)?
1
What is the value of -10 + (59 - 23) + 23?
49
What is 84 - 50 - (-42 + 95)?
-19
Calculate -27 + (-2 + -16 - (7 - 26)).
-26
What is 79 + -42 + -15 - (-3 - 12)?
37
What is the value of 41 + 2 + -3 - (16 + 3)?
21
Evaluate (6 - (10 - 8)) + -8 + 3 + 6 - -29.
34
10 + (0 + 1 + (2 - 1) - (-894 + 874))
32
Calculate (-34 + -110 - -155) + (-1 + 2 + 9 - 0).
21
Evaluate -67 - (-58 - -4) - -19.
6
What is the value of 2 - (31 + -7 + (-11 - -14) + 1 + 11)?
-37
Calculate 21 + (25 - (28 + -6) - -20).
44
What is the value of -17 + 38 + -80 - 10?
-69
-28 - (-29 + -31) - (-11 + 1)
42
What is 1 - ((86 - 6) + -11) - -27?
-41
Evaluate -7 - 16 - (-3 + 3 + (31 - 31)).
-23
(0 - -43) + -1 + -72 + (-108 - -182)
44
What is the value of -1 - 38 - ((-122 - -100) + -141)?
124
Evaluate (39 - -39) + -34 + -9.
35
-120 - (33 - (-31 + 33 - -39))
-112
23 + -56 + (12 - (2 + 15))
-38
Evaluate 437 - 423 - (-1 + 20) - ((-22 - 3) + 6).
14
What is the value of (-166 + 225 - (1 + 28)) + -25?
5
What is the value of 96 + (80 - (-69 - -140))?
105
-4 - (-8 - -11 - -3 - 3 - (8 - 12))
-11
Calculate 9 + (-6 - 36) + 24.
-9
Evaluate (-52 - (54 - 43)) + 37.
-26
Evaluate (3 - 139) + -2770 + 2911.
5
What is -6 - (70 + -95) - 15?
4
What is 98 + 40 + -80 + -109?
-51
What is -82 + 35 + (6 - ((-6 - 18) + 14))?
-31
Calculate 102 + -42 + (-6 - 13).
41
-24 - 3 - (-20 - 21 - 32)
46
What is (23 + -16 + (-5 - 0) - -71) + 43 + -55?
61
What is the value of 13 + 14 + -22 + (9 + 0 - (26 - 22))?
10
What is the value of 4 + -1 - (18 + -21 + 30 + -33)?
9
Evaluate 9 + -1 + 3 - (805 + -797).
3
What is the value of (-8 - (-35 + 17 - -19)) + -11?
-20
Evaluate (0 - 14) + (32 - (28 - 12)) + 55.
57
What is -6 - (-8 + -15) - 21?
-4
What is 48 - ((-73 - -7) + 138)?
-24
-5 + 0 - 0 - ((-571 - -337) + 226) - 74
-71
What is -106 + (54 - -46) + -40?
-46
-2 + 6 - (-41 + 38) - (13 + -19)
13
What is -5 + -4 + (-2 + -30 - -21 - 